a?
2, 7
Let c(x) be the third derivative of -x**4/12 + 2*x**3/3 + x**2. Let q = -15 + 11. What are the prime factors of c(q)?
2, 3
Let c(v) = -v**2 + 7*v - 4. Let z be c(4). Suppose -4*j + 16 + z = 0. What are the prime factors of j?
2, 3
Let p(a) = -a + 15. Let s be p(11). Suppose 9 = -2*d + 3*k + 40, -d - s*k - 1 = 0. What are the prime factors of d?
11
Let j = 6 + -3. Suppose 2*t + 3*s = j*t + 3, -s - 10 = -4*t. Let w = t + 0. What are the prime factors of w?
3
Let q = 3 - -9. Suppose -5*d = -4*d. Suppose d = -j - 5*i + 3*i + 6, -2*j = 3*i - q. List the prime factors of j.
2, 3
Let g(z) = -2*z**3 - 3*z**2 + 12*z + 12. List the prime factors of g(-5).
127
Suppose 0 = -5*v + 8*v - 144. What are the prime factors of v?
2, 3
Suppose -2*c + 4*r = -13 - 1, 0 = 4*c - 4*r - 20. Suppose x = 1 + c. What are the prime factors of x?
2
Let o = -5 - -43. List the prime factors of o.
2, 19
Let u = -370 - -642. List the prime factors of u.
2, 17
Suppose -6*m + 1392 = 6*m. List the prime factors of m.
2, 29
Let w(s) be the third derivative of s**5/60 - s**4/3 + 2*s**3/3 - 3*s**2. Let f(h) = -h + 9. Let z be f(0). List the prime factors of w(z).
13
Suppose 39 = 4*p - 45. Let z = p + -9. List the prime factors of z.
2, 3
Suppose 3*m = -2*n + 80 + 44, -2*m = 2*n - 120. List the prime factors of n.
2, 7
List the prime factors of -4 - (-2 - 17 - 1).
2
Suppose -2*r + 4*w - 9 + 149 = 0, -2*r - 5*w = -140. List the prime factors of r.
2, 5, 7
Suppose 2*z - 165 = -3*z. Let s = z - 23. What are the prime factors of s?
2, 5
Let r = -18 - -22. List the prime factors of r.
2
Suppose -s = 2 - 44. Suppose 0*q + 2*q = s. List the prime factors of q.
3, 7
Let j(y) = -13*y - 53. What are the prime factors of j(-19)?
2, 97
Suppose -44*h + 38*h = -642. What are the prime factors of h?
107
Suppose -621 = -5*q - 4*w, -2*q = -3*q - 3*w + 122. What are the prime factors of q?
5
Suppose 0*c - 14*c = -3122. What are the prime factors of c?
223
Suppose -4*t = 4*q + 40, 0*q - 2*t + 35 = -3*q. Let b = 9 + q. List the prime factors of (-45)/b + (-3)/6.
2, 11
Suppose 0 = -5*r + 3*r + 4. Suppose -t = -1, -r*q + 2*t + 58 = 2*q. Suppose 0 = -0*u + u - q. What are the prime factors of u?
3, 5
Let h(b) = 4*b - 1. Let d be h(-1). Let l = d + 17. What are the prime factors of l?
2, 3
Suppose 3*r = 6*r - 9. What are the prime factors of r?
3
Let o(d) = d. Let j be o(3). Suppose -2*a = 2*u - 18, -4*a + j*u + 3 = -5. Suppose 90 = a*p - 3*f, -4*p = 5*f - 0*f - 109. List the prime factors of p.
3, 7
Suppose 0*z - z = 4*v + 14, -z + 4*v + 18 = 0. Suppose 2*c - 3*j - 22 = -7*j, 2*c - z*j - 10 = 0. What are the prime factors of c?
7
Let f be (-2)/4*(-2 + -12). Let h be (f/(-2) + 2)*-2. List the prime factors of 13/5*(h - -2).
13
Suppose 0*c + 90 = -6*c. Let g = 54 - 30. Let d = c + g. List the prime factors of d.
3
Let b be (-4)/(-6) - (-80)/6. Suppose -2*x = -x - b. What are the prime factors of x?
2, 7
Let t(u) = u**3 + 12*u**2 - u - 15. List the prime factors of t(-6).
3, 23
Let j = 196 + -92. What are the prime factors of j?
2, 13
Suppose -5*b - 3*r = -16, 0*b - 2*b = 5*r + 5. Suppose 6*u - u - 70 = 5*p, b*p - 40 = -5*u. What are the prime factors of u?
11
Let x = -10 - -28. List the prime factors of x.
2, 3
Let q(s) = 9*s**2 - 10*s - 3. Let i be q(7). What are the prime factors of i/20 + (-2)/5?
2, 3
Let q(m) = -m**3 + 13*m**2 - 7*m - 8. List the prime factors of q(10).
2, 3, 37
Suppose 2*i = -2*i + 184. Suppose 0*n = -2*n - i. Let g = -12 - n. List the prime factors of g.
11
Let w(v) = 2*v. Let g = 2 + 0. What are the prime factors of w(g)?
2
Let z(h) = 3*h - 3. Let x be 76/12 + 2/(-6). List the prime factors of z(x).
3, 5
Let z = 4 + -7. What are the prime factors of (-2 - z - 3) + 19?
17
Let s(k) = k**3 - 10*k**2 + 12*k + 8. Let z be s(9). Let g = -25 + z. Let b = 21 - g. List the prime factors of b.
11
Let r be 38 - (-1)/2*-2. Let l = 0 + 18. Suppose -5*k - 3*d = -r, 2*k - l = d - 1. What are the prime factors of k?
2
Suppose 0 = 5*d - 25 - 5. Let x be ((-23)/(-3))/((-2)/(-12)). Suppose x - d = 5*m. List the prime factors of m.
2
Let f(w) = 3*w - w + 1 + 0 - 24*w**3. List the prime factors of f(-1).
23
Let u(f) be the first derivative of 3*f**2/2 - 13*f + 3. What are the prime factors of u(8)?
11
Let j be 2/10 + 1/(-5). Suppose j = -2*b + z - 18, -b + 3 = -5*z + 12. What are the prime factors of ((-12)/18)/(1/b)?
2, 3
Suppose -40 = -7*w + 30. What are the prime factors of w?
2, 5
Suppose -109*j = -106*j - 1101. What are the prime factors of j?
367
Let n(d) = 16*d + 69. List the prime factors of n(6).
3, 5, 11
Let o(v) = 22*v**2 - v + 1. Let p(w) = w**3 + 8*w**2 + w + 9. Suppose 5*c - 4*n + 32 = -20, -43 = 5*c - n. Let q be p(c). List the prime factors of o(q).
2, 11
Let y(l) = -14*l - 1. Let w be y(-1). List the prime factors of -2 + 2 + w/1.
13
Suppose -173 = -4*h + 95. List the prime factors of h.
67
Suppose -26 - 15 = -f. List the prime factors of f.
41
Let b(m) = m - 3. Let p be b(5). Suppose w + k + 9 = p*w, 5*k - 15 = 0. List the prime factors of w.
2, 3
Suppose 10*h - 29 = 5*h + k, 2*k = -2*h + 2. Suppose 15 = -2*o + h*m, -6*m = -5*o - m. What are the prime factors of o?
5
Let l = -14 + 9. Let s = l - -11. What are the prime factors of (24/9)/(4/s)?
2
Let m = 20 + 23. List the prime factors of m.
43
Let g = -7 + -3. Let a = 16 + g. Suppose -n + a*n - 15 = 0, 18 = i + n. What are the prime factors of i?
3, 5
Suppose -5*m = -m - 12, 80 = -4*y - 4*m. Let n = 32 + y. Suppose 2*o + o - n = 0. What are the prime factors of o?
3
Let b = -196 + 279. What are the prime factors of b?
83
Suppose -5*q - 200 = -0*q. Let o = -24 - q. What are the prime factors of o?
2
Let r(i) = 23*i - 4. Let n(x) = -46*x + 7. Let w(f) = -6*n(f) - 11*r(f). Let j be w(2). Suppose j = u + 3*u. What are the prime factors of u?
2, 3
Let r be 2/4 - (-202)/4. Suppose -2*f + 5*f - a - r = 0, 2*f = -2*a + 26. What are the prime factors of f?
2
Suppose 3*k + 0*k - 2 = -5*m, -5*k + 26 = -3*m. Suppose 4*w + k = -0. List the prime factors of w/(-1 + 2) - -10.
3
Let s(d) = -d**3 - 18*d**2 - 6*d - 34. List the prime factors of s(-18).
2, 37
Suppose 0*q + 5 = 5*q, 2*q + 8 = 5*z. Suppose 15 = -z*a - a. List the prime factors of (-53)/(-5) - 2/a.
11
Let n(g) = 4*g**2. Let c be n(1). Suppose 0 = -c*a - 21 - 19. Let h = a - -21. List the prime factors of h.
11
Suppose j + 32 = 3*j. What are the prime factors of j?
2
Let f be 8 + -6 - (25 - 0). Let n = f - -43. Let q = n + -10. What are the prime factors of q?
2, 5
Suppose -4 = -n + c, -4 = -n + 3*c + 4. What are the prime factors of n?
2
What are the prime factors of (2*-5)/(-1 + (-9)/(-15))?
5
Suppose 0*w + 2 = -w. List the prime factors of (-3)/(-12)*w*-4.
2
What are the prime factors of (5/((-5)/4))/(-2)?
2
Suppose 4*x = 7*k - 3*k + 96, -5*k - 25 = 0. List the prime factors of x.
19
Suppose -11 = -5*l + z, -6 - 2 = -5*l - 2*z. Let d be (0 - 2)/(l/5). Let v = 21 + d. What are the prime factors of v?
2
Let c be (-3 - -1)*6*1. List the prime factors of (2/3)/(c/(-738)).
41
Let v(n) = -n**2 + 15*n - 5. Let k be v(10). Suppose 0 = t - m - m - 18, 2*t - k = m. List the prime factors of t.
2, 3
Let f = 19 - 14. Suppose f*l - 19 = 16. List the prime factors of l.
7
Let q = 420 - 760. What are the prime factors of q/(-14) - (-8)/(-28)?
2, 3
Let q = -3 - 0. Let n(z) = -z**3 - 3*z**2 - z - 1. Let l be n(q). Suppose 44 = l*b - 5*a, 3*a = -19 + 7. What are the prime factors of b?
2, 3
Suppose -5*f + 53 = -47. What are the prime factors of f?
2, 5
Suppose 1 = c - 2*k, 0*k = 2*c - 2*k - 4. Suppose -c*p + 2*m + 16 = -6, -2*p - 5*m = 17. Let x = 14 - p. List the prime factors of x.
2, 5
Let h(l) = 5*l**2 + l - 4. List the prime factors of h(4).
2, 5
Let x be ((-4)/6)/((-1)/54). Let k = x + -14. Let a = 38 - k. List the prime factors of a.
2
Suppose -2*y - 2*y = -152. What are the prime factors of y?
2, 19
Let o(c) = 9*c**2 + c**2 + 7*c**2 + c**2. List the prime factors of o(1).
2, 3
Suppose -2*w - 10 = -3*s + 2*s, -4*s + 20 = 2*w. Suppose -4*q = -3*k + s*k - 50, 0 = -k - 2*q + 20. What are the prime factors of k?
2, 5
Let v = -320 - -534. What are the prime factors of v?
2, 107
Suppose -6 = -3*f - 3. Suppose 0 = -5*l + 9 + f. List the prime factors of l.
2
Let a = -11 - 7. Suppose -90 + 576 = -